{"id":828,"date":"2020-07-11T22:50:07","date_gmt":"2020-07-11T13:50:07","guid":{"rendered":"http:\/\/vietcafe-material.com\/?page_id=828"},"modified":"2026-02-10T12:55:03","modified_gmt":"2026-02-10T03:55:03","slug":"grammarlist","status":"publish","type":"page","link":"https:\/\/vietcafe-learning.com\/material\/grammarlist\/","title":{"rendered":"\u30d9\u30c8\u30ca\u30e0\u8a9e \u6587\u6cd5\u6559\u6750\u4e00\u89a7"},"content":{"rendered":"<p><img decoding=\"async\" class=\"wp-image-1956 aligncenter\" src=\"https:\/\/vietcafe-learning.com\/material\/\/wp-content\/uploads\/2022\/01\/22086957.png\" alt=\"\" width=\"229\" height=\"172\" srcset=\"https:\/\/vietcafe-learning.com\/material\/wp-content\/uploads\/2022\/01\/22086957.png 1600w, https:\/\/vietcafe-learning.com\/material\/wp-content\/uploads\/2022\/01\/22086957-300x225.png 300w, https:\/\/vietcafe-learning.com\/material\/wp-content\/uploads\/2022\/01\/22086957-1024x768.png 1024w, https:\/\/vietcafe-learning.com\/material\/wp-content\/uploads\/2022\/01\/22086957-768x576.png 768w, https:\/\/vietcafe-learning.com\/material\/wp-content\/uploads\/2022\/01\/22086957-1536x1152.png 1536w, https:\/\/vietcafe-learning.com\/material\/wp-content\/uploads\/2022\/01\/22086957-880x660.png 880w\" sizes=\"(max-width: 229px) 100vw, 229px\" \/><\/p>\n<p><span style=\"color: #008000;\"><a style=\"color: #008000;\" href=\"https:\/\/vietcafe-learning.com\/member\/download_books.php\">PDF\u3067\u306e\u30c0\u30a6\u30f3\u30ed\u30fc\u30c9\u306f\u3053\u3061\u3089\u304b\u3089\uff08\u203b\u7121\u6599\u4f1a\u54e1\u767b\u9332\u304c\u5fc5\u8981\u3067\u3059\uff09<\/a><\/span><\/p>\n<table class=\"material_table\">\n<tbody>\n<tr>\n<th>\u6559\u6750<\/th>\n<th>\u30d9\u30c8\u30ca\u30e0\u8a9e\u306e\u6587\u6cd5<\/th>\n<\/tr>\n<tr>\n<td style=\"white-space: nowrap;\">\u7b2c1\u8ab2<\/td>\n<td><a href=\"\/material\/dai1\/\">\u6587\u5b57\u3068\u767a\u97f3<\/a><\/td>\n<\/tr>\n<tr>\n<td style=\"white-space: nowrap;\">\u7b2c2\u8ab2<\/td>\n<td><a href=\"\/material\/dai2\/\">\u58f0\u8abf<\/a><\/td>\n<\/tr>\n<tr>\n<td style=\"white-space: nowrap;\">\u7b2c3\u8ab2<\/td>\n<td><a href=\"\/material\/dai3\/\">\u5358\u8a9e\u306e\u69cb\u6210<\/a><\/td>\n<\/tr>\n<tr>\n<td style=\"white-space: nowrap;\">\u7b2c4\u8ab2<\/td>\n<td><a href=\"\/material\/dai4\/\">\u57fa\u672c\u69cb\u6587\uff08\u4e3b\u8a9e\u3001\u8ff0\u8a9e\u3001\u76ee\u7684\u8a9e\uff09<\/a><\/td>\n<\/tr>\n<tr>\n<td style=\"white-space: nowrap;\">\u7b2c5\u8ab2<\/td>\n<td><a href=\"\/material\/dai5\/\">\u4eba\u79f0\u4ee3\u540d\u8a5e<\/a><\/td>\n<\/tr>\n<tr>\n<td style=\"white-space: nowrap;\">\u7b2c6\u8ab2<\/td>\n<td><a href=\"\/material\/dai6\/\">\u81ea\u5df1\u7d39\u4ecb<\/a><\/td>\n<\/tr>\n<tr>\n<td style=\"white-space: nowrap;\">\u7b2c7\u8ab2<\/td>\n<td><a href=\"\/material\/dai7\/\">\u6240\u6709\u683c<\/a><\/td>\n<\/tr>\n<tr>\n<td style=\"white-space: nowrap;\">\u7b2c8\u8ab2<\/td>\n<td><a href=\"\/material\/dai8\/\">\u52d5\u8a5e\u306e\u7528\u6cd5<\/a><\/td>\n<\/tr>\n<tr>\n<td style=\"white-space: nowrap;\">\u7b2c9\u8ab2<\/td>\n<td><a href=\"\/material\/dai9\/\">\u5f62\u5bb9\u8a5e\u306e\u7528\u6cd5<\/a><\/td>\n<\/tr>\n<tr>\n<td style=\"white-space: nowrap;\">\u7b2c10\u8ab2<\/td>\n<td><a href=\"\/material\/dai10\/\">\u3088\u304f\u4f7f\u3046\u8cea\u554f\u30fb\u7591\u554f\u6587\u2460<\/a><\/td>\n<\/tr>\n<tr>\n<td style=\"white-space: nowrap;\">\u7b2c11\u8ab2<\/td>\n<td><a href=\"\/material\/dai11\/\">\u3088\u304f\u4f7f\u3046\u8cea\u554f\u30fb\u7591\u554f\u6587\u2461<\/a><\/td>\n<\/tr>\n<tr>\n<td style=\"white-space: nowrap;\">\u7b2c12\u8ab2<\/td>\n<td><a href=\"\/material\/dai12\/\">\u6642\u5236<\/a><\/td>\n<\/tr>\n<tr>\n<td style=\"white-space: nowrap;\">\u7b2c13\u8ab2<\/td>\n<td><a href=\"\/material\/dai13\/\">\u7d4c\u9a13<\/a><\/td>\n<\/tr>\n<tr>\n<td style=\"white-space: nowrap;\">\u7b2c14\u8ab2<\/td>\n<td><a href=\"\/material\/dai14\/\">\u5b8c\u4e86\u5f62<\/a><\/td>\n<\/tr>\n<tr>\n<td style=\"white-space: nowrap;\">\u7b2c15\u8ab2<\/td>\n<td><a href=\"\/material\/dai15\/\">\u300c\uff5e\u304f\u3060\u3055\u3044\u300d\u30fb\u300c\uff5e\u3055\u305b\u3066\u304f\u3060\u3055\u3044\u300d<\/a><\/td>\n<\/tr>\n<tr>\n<td style=\"white-space: nowrap;\">\u7b2c16\u8ab2<\/td>\n<td><a href=\"\/material\/dai16\/\">\u300c\uff5e\u3057\u305f\u3044\u300d\u30fb\u300c\uff5e\u307b\u3057\u3044\u300d<\/a><\/td>\n<\/tr>\n<tr>\n<td style=\"white-space: nowrap;\">\u7b2c17\u8ab2<\/td>\n<td><a href=\"\/material\/dai17\/\">\u30a2\u30c9\u30d0\u30a4\u30b9\u3092\u8a00\u3046\u300cn\u00ean\u300d\/\u300ckh\u00f4ng n\u00ean\u300d<\/a><\/td>\n<\/tr>\n<tr>\n<td style=\"white-space: nowrap;\">\u7b2c18\u8ab2<\/td>\n<td><a href=\"\/material\/dai18\/\">\u72b6\u614b\u306e\u6bd4\u8f03<\/a><\/td>\n<\/tr>\n<tr>\n<td style=\"white-space: nowrap;\">\u7b2c19\u8ab2<\/td>\n<td><a href=\"\/material\/dai19\/\">\u601d\u8003\u3084\u767a\u8a00\u7b49\u3092\u4f1d\u3048\u308b<\/a><\/td>\n<\/tr>\n<tr>\n<td style=\"white-space: nowrap;\">\u7b2c20\u8ab2<\/td>\n<td><a href=\"\/material\/dai20\/\">\u4f9d\u983c\u30fb\u8981\u6c42\u30fb\u4efb\u547d\u3092\u4f1d\u3048\u308b <\/a><\/td>\n<\/tr>\n<tr>\n<td style=\"white-space: nowrap;\">\u7b2c21\u8ab2<\/td>\n<td><a href=\"\/material\/dai21\/\">\u53d7\u52d5\u614b <\/a><\/td>\n<\/tr>\n<tr>\n<td style=\"white-space: nowrap;\">\u7b2c22\u8ab2<\/td>\n<td><a href=\"\/material\/dai22\/\">\u539f\u56e0\u30fb\u7406\u7531\u3001\u305d\u306e\u7d50\u679c\u306e\u8868\u73fe\u300cv\u00ec ~ n\u00ean\u300d <\/a><\/td>\n<\/tr>\n<tr>\n<td style=\"white-space: nowrap;\">\u7b2c23\u8ab2<\/td>\n<td><a href=\"\/material\/dai23\/\">\u7981\u6b62\u6587<\/a><\/td>\n<\/tr>\n<tr>\n<td style=\"white-space: nowrap;\">\u7b2c24\u8ab2<\/td>\n<td><a href=\"\/material\/dai24\/\">\u53ef\u80fd\u6587\u300c\uff5e\u3067\u304d\u308b\u300d<\/a><\/td>\n<\/tr>\n<tr>\n<td style=\"white-space: nowrap;\">\u7b2c25\u8ab2<\/td>\n<td><a href=\"\/material\/dai25\/\">\u6761\u4ef6\u30fb\u4eee\u5b9a\u6587<\/a><\/td>\n<\/tr>\n<tr>\n<td style=\"white-space: nowrap;\">\u7b2c26\u8ab2<\/td>\n<td><a href=\"\/material\/dai26\/\">\u300c\uff5e\u306b\u898b\u3048\u308b\u300d\u306e\u8868\u73fe<\/a><\/td>\n<\/tr>\n<tr>\n<td style=\"white-space: nowrap;\">\u7b2c27\u8ab2<\/td>\n<td><a href=\"\/material\/dai27\/\">\u300c\uff5e\u3060\u3051\u3067\u306a\u304f\uff5e\u3082\uff5e\u300d,\u300c\uff5e\u3070\u304b\u308a\u3067\u306a\u304f\uff5e\u3067\u3082\u3042\u308b\uff5e\u300d\u306e\u8868\u73fe<\/a><\/td>\n<\/tr>\n<tr>\n<td style=\"white-space: nowrap;\">\u7b2c28\u8ab2<\/td>\n<td><a href=\"\/material\/dai28\/\">\u611f\u5606\u6587<\/a><\/td>\n<\/tr>\n<tr>\n<td style=\"white-space: nowrap;\">\u7b2c29\u8ab2<\/td>\n<td><a href=\"\/material\/dai29\/\">\u4e26\u5217\u8868\u73fe<\/a><\/td>\n<\/tr>\n<tr>\n<td style=\"white-space: nowrap;\">\u7b2c30\u8ab2<\/td>\n<td><a href=\"\/material\/dai30\/\">\u9006\u8aac\u8868\u73fe<\/a><\/td>\n<\/tr>\n<tr>\n<td style=\"white-space: nowrap;\">\u7b2c31\u8ab2<\/td>\n<td><a href=\"\/material\/dai31\/\">\u4f4d\u7f6e\u306e\u8868\u73fe<\/a><\/td>\n<\/tr>\n<tr>\n<td style=\"white-space: nowrap;\">\u7b2c32\u8ab2<\/td>\n<td><a href=\"\/material\/dai32\/\">\u300c\uff5e\u3057\u3066\u3044\u308b\u6642\u306b\u300d\u3068\u300c\uff5e\u3057\u3066\u3044\u308b\u9593\u300d<\/a><\/td>\n<\/tr>\n<tr>\n<td style=\"white-space: nowrap;\">\u7b2c33\u8ab2<\/td>\n<td><a href=\"\/material\/dai33\/\">\u300c\u3084\u3080\u3092\u5f97\u305a\uff5e\u3059\u308b\u300d\u3001\u300c\uff5e\u3057\u306a\u3044\u308f\u3051\u306b\u306f\u3044\u304b\u306a\u3044\u300d<\/a><\/td>\n<\/tr>\n<tr>\n<td style=\"white-space: nowrap;\">\u7b2c34\u8ab2<\/td>\n<td><a href=\"\/material\/dai34\/\">\u547d\u4ee4\u6587<\/a><\/td>\n<\/tr>\n<tr>\n<td style=\"white-space: nowrap;\">\u7b2c35\u8ab2<\/td>\n<td><a href=\"\/material\/dai35\/\">\u64ec\u97f3\u8a9e\u30fb\u64ec\u614b\u8a9e<\/a><\/td>\n<\/tr>\n<tr>\n<td style=\"white-space: nowrap;\">\u7b2c36\u8ab2<\/td>\n<td><a href=\"\/material\/dai36\/\">\u6587\u672b\u8a5e<\/a><\/td>\n<\/tr>\n<tr>\n<td style=\"white-space: nowrap;\">\u7b2c37\u8ab2<\/td>\n<td><a href=\"\/material\/dai37\/\">\u300c\uff5e\u3059\u308c\u3070\u3059\u308b\u307b\u3069\uff5e\u300d\u306e\u8868\u73fe<\/a><\/td>\n<\/tr>\n<tr>\n<td style=\"white-space: nowrap;\">\u7b2c38\u8ab2<\/td>\n<td><a href=\"\/material\/dai38\/\">\u300cBi\u1ebft th\u1ebf~\u300d,\u300c\u0111\u00e1ng l\u1ebd~\u300d\u5f8c\u6094\u3084\u53cd\u7701\u306e\u8868\u73fe<\/a><\/td>\n<\/tr>\n<tr>\n<td style=\"white-space: nowrap;\">\u7b2c39\u8ab2<\/td>\n<td><a href=\"\/material\/dai39\/\">\u300c~ \u1edf + \u5834\u6240\u300d,\u300cb\u0103\u0300ng ~\u300d\u65e5\u672c\u8a9e\u306e\u300c\uff5e\u3067\u300d\u306e\u8868\u73fe<\/a><\/td>\n<\/tr>\n<tr>\n<td style=\"white-space: nowrap;\">\u7b2c40\u8ab2<\/td>\n<td><a href=\"\/material\/dai40\/\">\u6642\u9593\u3092\u8868\u3059\u8868\u73fe\u300ckhi\u300d,\u300ctr\u01b0\u1edbc khi\u300d,\u300ctrong khi\u300d,\u300csau khi\u300d<\/a><\/td>\n<\/tr>\n<tr>\n<td style=\"white-space: nowrap;\">\u7b2c41\u8ab2<\/td>\n<td><a href=\"\/material\/dai41\/\">\u4f7f\u5f79\u8868\u73fe<\/a><\/td>\n<\/tr>\n<tr>\n<td style=\"white-space: nowrap;\">\u7b2c42\u8ab2<\/td>\n<td><a href=\"\/material\/dai42\/\">\u300cPh\u1ea3i\u300d\u306e\u7528\u6cd5<\/a><\/td>\n<\/tr>\n<tr>\n<td style=\"white-space: nowrap;\">\u7b2c43\u8ab2<\/td>\n<td><a href=\"\/material\/dai43\/\">\u65b9\u5411\u52d5\u8a5e<\/a><\/td>\n<\/tr>\n<tr>\n<td style=\"white-space: nowrap;\">\u7b2c44\u8ab2<\/td>\n<td><a href=\"\/material\/dai44\/\">\u5f37\u8abf\u8868\u73fe<\/a><\/td>\n<\/tr>\n<tr>\n<td style=\"white-space: nowrap;\">\u7b2c45\u8ab2<\/td>\n<td><a href=\"\/material\/dai45\">B\u1ea5t k\u1ec3\u30fbb\u1ea5t c\u1ee9\u30fbb\u1ea5t ch\u1ea5p\u30fbm\u1eb7c k\u1ec7\u306e\u8868\u73fe<\/a><\/td>\n<\/tr>\n<tr>\n<td style=\"white-space: nowrap;\">\u7b2c46\u8ab2<\/td>\n<td><a href=\"\/material\/dai46\">\u300cm\u1edbi\u300d\u306e\u7528\u6cd5<\/a><\/td>\n<\/tr>\n<tr>\n<td style=\"white-space: nowrap;\">\u7b2c47\u8ab2<\/td>\n<td><a href=\"\/material\/dai47\">\u300cm\u00e0\u300d\u306e\u7528\u6cd5<\/a><\/td>\n<\/tr>\n<tr>\n<td style=\"white-space: nowrap;\">\u7b2c48\u8ab2<\/td>\n<td><a href=\"\/material\/dai48\">\u300cm\u1ecdi \u300d\u3068\u300c m\u1ed7i\u300d \u306e\u7528\u6cd5<\/a><\/td>\n<\/tr>\n<tr>\n<td style=\"white-space: nowrap;\">\u7b2c49\u8ab2<\/td>\n<td><a href=\"\/material\/dai49\">\u300ckhi\u1ebfn\u300d\u306e\u7528\u6cd5<\/a><\/td>\n<\/tr>\n<tr>\n<td style=\"white-space: nowrap;\">\u7b2c50\u8ab2<\/td>\n<td><a href=\"https:\/\/vietcafe-learning.com\/material\/dai50\/\" rel=\"bookmark\">\u7a0b\u5ea6\u3092\u5f37\u8abf\u3059\u308b\u8868\u73fe<\/a><\/td>\n<\/tr>\n<tr>\n<td style=\"white-space: nowrap;\">\u7b2c51\u8ab2<\/td>\n<td><a href=\"\/material\/dai51\">\u539f\u56e0\u30fb\u7d50\u679c\u306e\u8868\u73fe\uff08\u4e0a\u7d1a\uff09<\/a><\/td>\n<\/tr>\n<tr>\n<td style=\"white-space: nowrap;\">\u7b2c52\u8ab2<\/td>\n<td><a href=\"\/material\/dai52\">\u6761\u4ef6\u30fb\u4eee\u5b9a\u306e\u8868\u73fe\uff08\u4e0a\u7d1a\uff09<\/a><\/td>\n<\/tr>\n<tr>\n<td style=\"white-space: nowrap;\">\u7b2c53\u8ab2<\/td>\n<td><a href=\"\/material\/dai53\">\u300cn\u1eefa\u300d\u306e\u7528\u6cd5<\/a><\/td>\n<\/tr>\n<tr>\n<td style=\"white-space: nowrap;\">\u7b2c54\u8ab2<\/td>\n<td><a href=\"\/material\/dai54\">\u300cL\u1ea1i\u300d\u306e\u7528\u6cd5<\/a><\/td>\n<\/tr>\n<tr>\n<td style=\"white-space: nowrap;\">\u7b2c55\u8ab2<\/td>\n<td><a href=\"\/material\/dai55\">\u4eba\u79f0\u4ee3\u540d\u8a5e\u306e\u4f4d\u7f6e<\/a><\/td>\n<\/tr>\n<tr>\n<td style=\"white-space: nowrap;\">\u7b2c56\u8ab2<\/td>\n<td><a href=\"\/material\/dai56\">\u300c\u0111\u00e2u\u300d\u306e\u7528\u6cd5<\/a><\/td>\n<\/tr>\n<tr>\n<td style=\"white-space: nowrap;\">\u7b2c57\u8ab2<\/td>\n<td><a href=\"https:\/\/vietcafe-learning.com\/material\/dai57\/\" rel=\"bookmark\">\u76ee\u7684\u8868\u73fe<\/a><\/td>\n<\/tr>\n<tr>\n<td style=\"white-space: nowrap;\">\u7b2c58\u8ab2<\/td>\n<td><a href=\"https:\/\/vietcafe-learning.com\/material\/dai58\/\" rel=\"bookmark\">\u65e5\u5e38\u4f1a\u8a71\u3067\u306e\u300cl\u00e0\u300d\u306e\u7279\u5225\u306a\u7528\u6cd5<\/a><\/td>\n<\/tr>\n<tr>\n<td style=\"white-space: nowrap;\">\u7b2c59\u8ab2<\/td>\n<td><a href=\"https:\/\/vietcafe-learning.com\/material\/dai59\/\">\u65e5\u5e38\u4f1a\u8a71\u3067\u306e\u300ch\u1ebft\u300d\u306e\u7279\u5225\u306a\u7528\u6cd5<\/a><\/td>\n<\/tr>\n<tr>\n<td style=\"white-space: nowrap;\">\u7b2c60\u8ab2<\/td>\n<td><a href=\"https:\/\/vietcafe-learning.com\/material\/dai60\/\">\u65e5\u5e38\u4f1a\u8a71\u3067\u306e\u300cc\u00f2n\u300d\u306e\u7279\u5225\u306a\u7528\u6cd5<\/a><\/td>\n<\/tr>\n<tr>\n<td style=\"white-space: nowrap;\">\u7b2c61\u8ab2<\/td>\n<td><a class=\"row-title\" href=\"https:\/\/vietcafe-learning.com\/material\/dai61\/\" aria-label=\"\u300c\u3010\u7b2c61\u8ab2\u3011\u540d\u8a5e\u5316\u3092\u4f5c\u308b\u8a00\u8449\uff08s\u1ef1, cu\u1ed9c, n\u1ed7i, ni\u1ec1m\uff09\u300d (\u7de8\u96c6)\">\u540d\u8a5e\u5316\u3092\u4f5c\u308b\u8a00\u8449\uff08s\u1ef1, cu\u1ed9c, n\u1ed7i, ni\u1ec1m\uff09<\/a><a href=\"https:\/\/vietcafe-learning.com\/material\/\/dai22\/\"><img decoding=\"async\" src=\"https:\/\/vietcafe-learning.com\/material\/\/wp-content\/uploads\/2020\/08\/NEW%E3%81%AE%E3%82%A2%E3%82%A4%E3%82%B3%E3%83%B3%E3%80%801.png\" \/><\/a><\/td>\n<\/tr>\n<tr>\n<td style=\"white-space: nowrap;\">\u7b2c62\u8ab2<\/td>\n<td><a class=\"row-title\" href=\"https:\/\/vietcafe-learning.com\/material\/dai62\/\" aria-label=\"\u300c\u3010\u7b2c62\u8ab2\u3011\u7591\u554f\u8a5e\u3092\u4f7f\u3063\u305f\u4e0d\u5b9a\u4ee3\u540d\u8a5e\uff08Ai c\u0169ng, C\u00e1i g\u00ec c\u0169ng\u2026\uff09\u300d (\u7de8\u96c6)\">\u7591\u554f\u8a5e\u3092\u4f7f\u3063\u305f\u4e0d\u5b9a\u4ee3\u540d\u8a5e\uff08Ai c\u0169ng, C\u00e1i g\u00ec c\u0169ng\u2026\uff09<\/a><a href=\"https:\/\/vietcafe-learning.com\/material\/\/dai22\/\"><img decoding=\"async\" src=\"https:\/\/vietcafe-learning.com\/material\/\/wp-content\/uploads\/2020\/08\/NEW%E3%81%AE%E3%82%A2%E3%82%A4%E3%82%B3%E3%83%B3%E3%80%801.png\" \/><\/a><\/td>\n<\/tr>\n<tr>\n<td style=\"white-space: nowrap;\">\u7b2c63\u8ab2<\/td>\n<td><a class=\"row-title\" href=\"https:\/\/vietcafe-learning.com\/material\/dai63\/\" aria-label=\"\u300c\u3010\u7b2c63\u8ab2\u3011\u63a5\u7d9a\u8a5e\u30fb\u5f37\u8abf\u30de\u30fc\u30ab\u30fc\u300cth\u00ec\u300d\u300d (\u7de8\u96c6)\">\u63a5\u7d9a\u8a5e\u30fb\u5f37\u8abf\u30de\u30fc\u30ab\u30fc\u300cth\u00ec\u300d<\/a><a href=\"https:\/\/vietcafe-learning.com\/material\/\/dai22\/\"><img decoding=\"async\" src=\"https:\/\/vietcafe-learning.com\/material\/\/wp-content\/uploads\/2020\/08\/NEW%E3%81%AE%E3%82%A2%E3%82%A4%E3%82%B3%E3%83%B3%E3%80%801.png\" \/><\/a><\/td>\n<\/tr>\n<tr>\n<td style=\"white-space: nowrap;\">\u7b2c64\u8ab2<\/td>\n<td><a class=\"row-title\" href=\"https:\/\/vietcafe-learning.com\/material\/dai64\/\" aria-label=\"\u300c\u3010\u7b2c64\u8ab2\u3011\u4e8c\u91cd\u5426\u5b9a\u306b\u3088\u308b\u5f37\u8abf\u8868\u73fe\u300d (\u7de8\u96c6)\">\u4e8c\u91cd\u5426\u5b9a\u306b\u3088\u308b\u5f37\u8abf\u8868\u73fe<\/a><a href=\"https:\/\/vietcafe-learning.com\/material\/\/dai22\/\"><img decoding=\"async\" src=\"https:\/\/vietcafe-learning.com\/material\/\/wp-content\/uploads\/2020\/08\/NEW%E3%81%AE%E3%82%A2%E3%82%A4%E3%82%B3%E3%83%B3%E3%80%801.png\" \/><\/a><\/td>\n<\/tr>\n<tr>\n<td style=\"white-space: nowrap;\">\u7b2c65\u8ab2<\/td>\n<td><a class=\"row-title\" href=\"https:\/\/vietcafe-learning.com\/material\/dai65\/\" aria-label=\"\u300c\u3010\u7b2c65\u8ab2\u3011\u985e\u5225\u8a5e\u306e\u4f7f\u3044\u5206\u3051\u300d (\u7de8\u96c6)\">\u985e\u5225\u8a5e\u306e\u4f7f\u3044\u5206\u3051<\/a><a href=\"https:\/\/vietcafe-learning.com\/material\/\/dai22\/\"><img decoding=\"async\" src=\"https:\/\/vietcafe-learning.com\/material\/\/wp-content\/uploads\/2020\/08\/NEW%E3%81%AE%E3%82%A2%E3%82%A4%E3%82%B3%E3%83%B3%E3%80%801.png\" \/><\/a><\/td>\n<\/tr>\n<\/tbody>\n<\/table>\n<p>&nbsp;<\/p>\n\n<!-- Quick Adsense WordPress Plugin: http:\/\/quickadsense.com\/ -->\n<div class=\"225e1f455cb80acf7211d85defd27940\" data-index=\"1\" style=\"float: none; margin:10px 0 10px 0; text-align:center;\">\n<script async src=\"https:\/\/pagead2.googlesyndication.com\/pagead\/js\/adsbygoogle.js\"><\/script>\r\n<!-- VIETCAFE\u5e83\u544a2 -->\r\n<ins class=\"adsbygoogle\"\r\n     style=\"display:block\"\r\n     data-ad-client=\"ca-pub-4987689956940779\"\r\n     data-ad-slot=\"2300495280\"\r\n     data-ad-format=\"auto\"\r\n     data-full-width-responsive=\"true\"><\/ins>\r\n<script>\r\n     (adsbygoogle = window.adsbygoogle || []).push({});\r\n<\/script>\n<\/div>\n\n<div style=\"font-size: 0px; height: 0px; line-height: 0px; margin: 0; padding: 0; clear: both;\"><\/div>","protected":false},"excerpt":{"rendered":"<p>PDF\u3067\u306e\u30c0\u30a6\u30f3\u30ed\u30fc\u30c9\u306f\u3053\u3061\u3089\u304b\u3089\uff08\u203b\u7121\u6599\u4f1a\u54e1\u767b\u9332\u304c\u5fc5\u8981\u3067\u3059&#8230;<\/p>\n","protected":false},"author":1,"featured_media":0,"parent":0,"menu_order":0,"comment_status":"closed","ping_status":"closed","template":"","meta":[],"_links":{"self":[{"href":"https:\/\/vietcafe-learning.com\/material\/wp-json\/wp\/v2\/pages\/828"}],"collection":[{"href":"https:\/\/vietcafe-learning.com\/material\/wp-json\/wp\/v2\/pages"}],"about":[{"href":"https:\/\/vietcafe-learning.com\/material\/wp-json\/wp\/v2\/types\/page"}],"author":[{"embeddable":true,"href":"https:\/\/vietcafe-learning.com\/material\/wp-json\/wp\/v2\/users\/1"}],"replies":[{"embeddable":true,"href":"https:\/\/vietcafe-learning.com\/material\/wp-json\/wp\/v2\/comments?post=828"}],"version-history":[{"count":60,"href":"https:\/\/vietcafe-learning.com\/material\/wp-json\/wp\/v2\/pages\/828\/revisions"}],"predecessor-version":[{"id":6087,"href":"https:\/\/vietcafe-learning.com\/material\/wp-json\/wp\/v2\/pages\/828\/revisions\/6087"}],"wp:attachment":[{"href":"https:\/\/vietcafe-learning.com\/material\/wp-json\/wp\/v2\/media?parent=828"}],"curies":[{"name":"wp","href":"https:\/\/api.w.org\/{rel}","templated":true}]}}